ed by (-1482)/(-45) + -52*(-49)/38220?
29
Let v = -4442 - -4661. Calculate the remainder when v is divided by 58.
45
Suppose 11*i - 6*i = -3*k + 30, 2*k - 20 = -2*i. What is the remainder when 446 is divided by k?
6
What is the remainder when (-5)/(-60)*-3 + 24246/24 is divided by 125?
10
Let y = -14398 - -14504. What is the remainder when y is divided by 19?
11
Suppose 2*u = 10*u - 32. Suppose 0 = 5*z, -u*z = -k + z. Suppose v + k*v - 40 = 0. What is the remainder when 79 is divided by v?
39
Suppose 13*i + 5555 = 24*i. Suppose 5*w - 7 - 223 = 0. Calculate the remainder when i is divided by w.
45
Let l(g) = g**3 - g**2 + g - 1. Let d be l(0). Let m(k) = -26*k + 1. Let s be m(d). Let u = s + -23. Calculate the remainder when 7 is divided by u.
3
Let k(g) = g**3 - 29*g**2 + 52*g + 64. What is the remainder when 417 is divided by k(27)?
7
Let b = -53 - -72. Suppose 0 = -b*o + 32*o - 299. Calculate the remainder when o is divided by 13.
10
Let c = -52845 + 52944. What is the remainder when c is divided by (-2)/(-5) + 932/20?
5
Suppose -13497 = -194*y + 6485. Calculate the remainder when 234 is divided by y.
28
Let t(a) = -10*a + 1 + a**2 - 3*a - 2*a**2 - 7. Calculate the remainder when 41 is divided by t(-10).
17
Let u be 3/(-2) - (-2)/4. Let j = u + 4. Let f(t) = t**3 + t**2 - 13*t + 6. Calculate the remainder when f(3) is divided by j.
0
Calculate the remainder when (-279)/(-27) - 11 - 1046/(-3) is divided by 58.
0
Let a = -40 + 130. What is the remainder when (2 - (-4)/(-5))*1790/4 is divided by a?
87
Suppose -5*k - 4*a = -130, -k - 7 = 3*a - 33. Let i = k + -13. What is the remainder when ((-59)/(-1))/(14 - i) is divided by 10?
9
Suppose 4*a - 47 - 53 = 0. Suppose z - 2*h - a = 1, -h = -3*z + 93. Let t = z + -25. Calculate the remainder when t is divided by 4.
3
Calculate the remainder when (-359)/(0 - 1) - (-18 - -17) is divided by 119.
3
Let j(u) = 2*u - 60. Let p be (6/3 + -39)*(-3 - -2). Calculate the remainder when 249 is divided by j(p).
11
Let x(o) = o**2 + 61*o - 779. Calculate the remainder when 9033 is divided by x(-72).
11
Calculate the remainder when 229/(-1*1/(-2)) is divided by 83.
43
Let q(k) be the first derivative of 4*k**2 - 45*k + 3. Calculate the remainder when q(17) is divided by 9.
1
Let n be 180/96*12*(-4)/(-6). Suppose t = -4*h + n, 3*h - 159 = -5*t - 33. Calculate the remainder when 107/(0 + 1) - 0 is divided by t.
26
Let h = 3424 - 3398. What is the remainder when 49 is divided by h?
23
Calculate the remainder when (-2 + (1 - -22))/(54/1242) is divided by 73.
45
Let s = 25 + -31. Let k be ((1 - s) + -3)*1. Suppose k*l - 14 = 3*l. Calculate the remainder when l is divided by 6.
2
Let r = 7253 + -7238. Suppose 21 = -5*k - 3*n, 3*n + 18 = -4*k - 0*n. What is the remainder when r is divided by (-34)/(-6) + (-1)/k?
3
Let n be ((-1)/(-2))/(1/2)*14. What is the remainder when 84 is divided by (77/n - 7)*-2?
0
Suppose 0 = -15*q - 476*q + 16584 + 34971. What is the remainder when 1342 is divided by q?
82
Let h = -41 - -49. Let k(a) = -30*a**3 + 2*a**2 - 1. Let g = 23 - 24. Calculate the remainder when k(g) is divided by h.
7
Calculate the remainder when ((-4)/6)/(94468/(-15741) + 6) is divided by 149.
30
Suppose -5*i - 63 = -68, 2*y - 64 = 2*i. Calculate the remainder when 1384 is divided by y.
31
Suppose 22*g - 973 = -797. Calculate the remainder when 127 is divided by g.
7
Suppose 3*k - 32 = 2*h + 1, 2*h + 11 = k. Let y = -169 - -210. Calculate the remainder when y is divided by k.
8
Let t(g) = -g**2 + 19*g - 7. Calculate the remainder when (-41 + 42)*((-6)/(-4))/((-27)/(-2196)) is divided by t(14).
59
Suppose 2*i + 108 = 4*m, -3 = m - 5*i - 12. Let l = m - 27. Suppose -3*b + 62 = l*c, 0*b + 4*c = -4*b + 84. What is the remainder when b is divided by 5?
0
Let w be 6*(-3)/18*-566. Let o = w + -242. Calculate the remainder when o is divided by 84.
72
Let i be (-2 + -20)*21/14*-1. Suppose -3*w + i = 3*b - 0*w, -b = -w - 7. What is the remainder when (-33)/((1/1)/(-1)) is divided by b?
6
Suppose 4*y - 4104 = -4*w + 2*w, -5*y = 4*w - 8214. What is the remainder when w is divided by 46?
32
Suppose 0 = -179*b - 12132 + 31050 + 7574. What is the remainder when 888 is divided by b?
0
Let n be ((-42)/(-12))/(5/(-130)). Let o = -46 - n. What is the remainder when o is divided by 7?
3
Let c(z) = z**2 - 5*z - 38. Let j be c(-9). Let m = -84 + j. Suppose -4*t + m*a + 50 = -t, -3*t + 2*a + 58 = 0. Calculate the remainder when t is divided by 6.
4
Let o be 0/(((-1)/(-1))/((-15)/(-15))). Suppose -172*c + 177*c - 475 = o. What is the remainder when c is divided by 26?
17
Suppose 289*m + 752 = 304*m - 448. Calculate the remainder when m is divided by 14.
10
Suppose -15*k - 12 = -20*k - 4*l, -2*l + 4 = 2*k. Calculate the remainder when 7/(-7)*(-1 - 65) is divided by k.
2
Suppose 0*k = -49*k + 4067. What is the remainder when k is divided by 21?
20
Suppose 41*w = -4*t + 45*w + 80, 0 = -5*t + 2*w + 85. Suppose 5*v + 207 = 57. Calculate the remainder when v/12*232/(-10) is divided by t.
13
Let m(j) = j**3 + 6*j**2 + j - 5. Let r = -339 + 148. Let q = r + 218. What is the remainder when q is divided by m(-5)?
12
Suppose -c + 14 + 37 = -2*f, -2*c - 5*f + 147 = 0. What is the remainder when c is divided by 42?
19
Suppose -30*b + 2648 - 837 = -2299. Calculate the remainder when b is divided by 32.
9
Suppose -c + 77 = 2*g, 19*g + 97 = c + 17*g. What is the remainder when c is divided by 76?
11
Let u = 12688 + -11749. What is the remainder when u is divided by 302?
33
Let i be (-694)/(-12)*2*(5 + 1). Suppose 3*a - 551 = -4*d + 2*a, -5*d + 4*a + i = 0. Suppose 2*c - d = -c. What is the remainder when c is divided by 12?
10
Suppose 3*d - 23 + 14 = 0, 2*o + 5*d = 2845. Calculate the remainder when 1424 is divided by o.
9
Let v(r) = -9*r**3 - 2*r**2 + 50*r + 442. Calculate the remainder when v(-6) is divided by 65.
64
What is the remainder when 12/4 - 15*-1 is divided by (-8)/(7/7) - -12?
2
Let y = -109 + 101. Suppose 25 = -x + 6*x. What is the remainder when 34/y*(-2 - 2) is divided by x?
2
Suppose 6*v = 3 + 9. Let h = v - -2. Suppose 287 = h*a + 3*a. Calculate the remainder when a is divided by 11.
8
Let f = -5671 - -5779. What is the remainder when 313 is divided by f?
97
Let b(u) = 2*u - 10. What is the remainder when 142 + (18 - 6) + -23 is divided by b(7)?
3
Let k = 490 - 455. Calculate the remainder when 279 is divided by k.
34
Let y = -37 - -32. What is the remainder when (63 - y)/(1/(-4)*-4) is divided by 15?
8
Let g = 2793 + -2768. What is the remainder when 448 is divided by g?
23
Let b = -1131 + 3230. What is the remainder when b is divided by 105?
104
Let a(t) = 38*t + 642. Calculate the remainder when 400 is divided by a(-13).
104
Let q(l) = -3*l + 83. Suppose 10*p - 123 = -3. What is the remainder when q(13) is divided by p?
8
Let l(t) = -27*t - 2. Let q(w) = -w**3 - 3*w**2 + 4*w - 4. Let m be q(-4). Calculate the remainder when l(m) is divided by 28.
22
Let f(k) = 8*k**3 - 10*k**2 + 9*k - 13. What is the remainder when f(4) is divided by ((42/(-3))/(-2))/((-12)/(-24))?
11
Let t(i) = 14*i + 99. Let n(w) = -15*w + 60. Let r be n(4). What is the remainder when t(r) is divided by 51?
48
Suppose 0 = -196*b + 32*b + 9358 + 5238. What is the remainder when 3200 is divided by b?
85
Let z = -1897 - -1984. What is the remainder when 859 is divided by z?
76
Let f(z) = -15*z - 56. Let l be f(-4). What is the remainder when 59 is divided by (6 + -3)*2/(l/6)?
5
Let o(l) = -8*l**2 + 7*l**2 + 46 + 17 - 7. Let t be o(8). What is the remainder when 55 is divided by 38*(4 + 7*4/t)?
17
Let i(p) = -p**3 - 40*p**2 + p + 87. Let n be i(-40). Suppose -18*t + 907 = -n. What is the remainder when 104 is divided by t?
51
Suppose -35229 - 109032 = -37*q - 8360. What is the remainder when q is divided by 333?
10
What is the remainder when 642 is divided by 15390/675 - 19/5?
15
Calculate the remainder when 18/(-24)*(-1)/(-3) + 245/4 is divided by 43.
18
Let j be (-48)/(-10) + ((-27)/(-15))/9. Suppose 4*d - 612 = -6*y + y, 0 = -2*y - j*d + 238. What is the remainder when y is divided by 27?
16
Calculate the remainder when -11 - 411*(-12)/36 is divided by 29.
10
Suppose 25*k - 28*k + 186 = 3*h, 4*h - 86 = -k. Let i(g) = g**2 - 3*g - 7. Calculate the remainder when k i